{"id":214,"date":"2016-12-30T09:37:21","date_gmt":"2016-12-30T09:37:21","guid":{"rendered":"http:\/\/saral.theironnetwork.org\/?page_id=214"},"modified":"2018-07-25T07:01:54","modified_gmt":"2018-07-25T05:01:54","slug":"home-version-4","status":"publish","type":"page","link":"http:\/\/lamarnaise-moretti.fr\/","title":{"rendered":"Accueil &#8211; v1"},"content":{"rendered":"<p>[vc_row full_width=\u00a0\u00bbstretch_row\u00a0\u00bb css=\u00a0\u00bb.vc_custom_1490342334781{margin-top: -70px !important;padding-bottom: 20px !important;}\u00a0\u00bb el_class=\u00a0\u00bbsaral-sc-responsive\u00a0\u00bb][vc_column width=\u00a0\u00bb1\/3&Prime;]\t\t<div class=\"saral-info-sc-wrap saral-css-block  vc_custom_1530522242602\" data-css=\".saral_para_rand_4586.saral-info-sc h5, .saral_para_rand_4586.saral-info-sc p{ color: #ffffff}\">\n\t\t\t<div class=\"saral-info-sc saral_para_rand_4586\">\n\t\t\t\t\t\t\t\t<div class=\"saral-sc-head\">\n\t\t\t\t\t<h5>Nos sites<\/h5> \n\t\t\t\t<\/div>\n\t\t\t\t\t\t\t\t<div class=\"saral-sc-content\">\n\t\t\t\t\t\t\t\t\t\t\t<p>Ch\u00e2lons-en-Champagne, Vitry-le-Fran\u00e7ois, Matignicourt et Saint Dizier<\/p>\n\t\t\t\t\t\t\t\t\t\t\t\t\t\t\t\t<img loading=\"lazy\" decoding=\"async\" width=\"558\" height=\"373\" src=\"http:\/\/lamarnaise-moretti.fr\/wp-content\/uploads\/2017\/12\/a.jpg\" class=\"attachment-saral_standard size-saral_standard\" alt=\"\" srcset=\"http:\/\/lamarnaise-moretti.fr\/wp-content\/uploads\/2017\/12\/a.jpg 558w, http:\/\/lamarnaise-moretti.fr\/wp-content\/uploads\/2017\/12\/a-300x201.jpg 300w\" sizes=\"auto, (max-width: 558px) 100vw, 558px\" \/>\t\t\t\t\t\t\t\t\t\t\t\t\t\t<\/div>\n\t\t\t<\/div>\n\t\t<\/div>\n\t\t[\/vc_column][vc_column width=\u00a0\u00bb1\/3&Prime;][\/vc_column][vc_column width=\u00a0\u00bb1\/3&Prime;]\t\t<div class=\"saral-info-sc-wrap saral-css-block  vc_custom_1530522168392\" data-css=\".saral_para_rand_9363.saral-info-sc h5, .saral_para_rand_9363.saral-info-sc p{ color: #8a8d94}\">\n\t\t\t<div class=\"saral-info-sc saral_para_rand_9363\">\n\t\t\t\t\t\t\t\t<div class=\"saral-sc-head\">\n\t\t\t\t\t<h5>Certifications et bureau d\u2019\u00e9tudes int\u00e9gr\u00e9<\/h5> \n\t\t\t\t<\/div>\n\t\t\t\t\t\t\t\t<div class=\"saral-sc-content\">\n\t\t\t\t\t\t\t\t\t\t\t\t\t\t\t\t<img loading=\"lazy\" decoding=\"async\" width=\"940\" height=\"640\" src=\"http:\/\/lamarnaise-moretti.fr\/wp-content\/uploads\/2018\/04\/2011-NF-CSTB-FENETRES-PVC-bleu1-940x640.jpg\" class=\"attachment-saral_standard size-saral_standard\" alt=\"\" \/>\t\t\t\t\t\t\t\t\t\t\t\t\t\t<\/div>\n\t\t\t<\/div>\n\t\t<\/div>\n\t\t[\/vc_column][\/vc_row][vc_row full_width=\u00a0\u00bbstretch_row\u00a0\u00bb css=\u00a0\u00bb.vc_custom_1487741078534{margin-bottom: 0px !important;padding-top: 45px !important;padding-bottom: 45px !important;}\u00a0\u00bb][vc_column][vc_cta h2=\u00a0\u00bbD\u00e9couvrez nos entreprises\u00a0\u00bb txt_align=\u00a0\u00bbcenter\u00a0\u00bb add_button=\u00a0\u00bbbottom\u00a0\u00bb btn_title=\u00a0\u00bbD\u00e9couvrez nos entreprises\u00a0\u00bb btn_style=\u00a0\u00bbclassic\u00a0\u00bb btn_color=\u00a0\u00bbprimary\u00a0\u00bb btn_align=\u00a0\u00bbcenter\u00a0\u00bb btn_link=\u00a0\u00bburl:http%3A%2F%2Flamarnaise-moretti.fr%2F%3Fpage_id%3D1832|||\u00a0\u00bb]Notre groupe familial dirig\u00e9 \u00e0 ce jour par la 3\u00e8me g\u00e9n\u00e9ration est compos\u00e9 majoritairement de 3 soci\u00e9t\u00e9s intervenant dans le domaine de la construction[\/vc_cta][\/vc_column][\/vc_row][vc_row full_width=\u00a0\u00bbstretch_row\u00a0\u00bb css=\u00a0\u00bb.vc_custom_1487936605424{padding-top: 35px !important;padding-bottom: 65px !important;background-color: #31343d !important;}\u00a0\u00bb][vc_column]\t\t<div class=\" saral-left-align saral-txt-light\">\n\t\t\t<div class=\"saral-title-wrapper\">\n\t\t\t\t<h2 class=\"saral-section-title\">\n\t\t\t\t\tNos comp\u00e9tences\t\t\t\t<\/h2>\n\t\t\t<\/div>\n\t\t<\/div>\n\t\t\t\t<div class=\" vc_custom_1512470600175\">\n\t\t\t\t\t\t\t<div class=\"saral-post-grid-wrapper\">\n\t\t\t\t\t\t\t\t\t\t<div class=\"saral-col-row saral-clients-logos-slider\" data-speed=\"2000\" data-slide-count=\"3\"  data-dots=\"false\">\n\t\t\t\t\t\t\t\t\t\t\t\t\t<div class=\"saral-margin-btm-3 grid-box col-xs-12 col-sm-4 col-md-4 col-lg-4\">\n\t\t\t\t\t\t\t\t<div class=\"saral-border-sqr saral-no-border saral-post-grid\">\n\t\t\t\t\t\t\t\t\t<div class=\"saral-img-wrapper\">\n\t\t\t\t\t\t\t\t\t\t<div class=\"grid-gallery-element-slider post-gallery clearfix\" data-speed=\"2000\" data-slide-count=\"1\"  data-dots=\"true\">\t\t\t<div class=\"saral-post-thumbnail\"><img loading=\"lazy\" decoding=\"async\" width=\"600\" height=\"322\" src=\"http:\/\/lamarnaise-moretti.fr\/wp-content\/uploads\/2022\/11\/IMG_3960-600x322.jpg\" class=\"attachment-saral_medium size-saral_medium wp-post-image\" alt=\"\" \/><\/div>\n\t\t<\/div>\t\t\t\t\t\t\t\t\t<\/div>\n\t\t\t\t\t\t\t\t\t<div class = \"saral-post-grid-content-wrapper\">\n\t\t\t\t\t\t\t\t\t\t<h5 class=\"saral_post-heading\">B\u00e2timent &#8211; G\u00e9nie Civil<\/h5>\n\t\t\t\t\t\t\t\t\t\t\t\t\t\t\t\t\t\t\t\t<p class=\"blog-content\"><\/p>\t\t\t\t\t\t\t\t\t<\/div>\n\t\t\t\t\t\t\t\t<\/div>\n\t\t\t\t\t\t\t<\/div>\n\t\t\t\t\t\t\t\t\t\t\t\t\t<div class=\"saral-margin-btm-3 grid-box col-xs-12 col-sm-4 col-md-4 col-lg-4\">\n\t\t\t\t\t\t\t\t<div class=\"saral-border-sqr saral-no-border saral-post-grid\">\n\t\t\t\t\t\t\t\t\t<div class=\"saral-img-wrapper\">\n\t\t\t\t\t\t\t\t\t\t<div class=\"grid-gallery-element-slider post-gallery clearfix\" data-speed=\"2000\" data-slide-count=\"1\"  data-dots=\"true\">\t\t\t<div class=\"saral-post-thumbnail\"><img loading=\"lazy\" decoding=\"async\" width=\"600\" height=\"322\" src=\"http:\/\/lamarnaise-moretti.fr\/wp-content\/uploads\/2016\/12\/CASINO-1-min-600x322.jpg\" class=\"attachment-saral_medium size-saral_medium wp-post-image\" alt=\"\" \/><\/div>\n\t\t<\/div>\t\t\t\t\t\t\t\t\t<\/div>\n\t\t\t\t\t\t\t\t\t<div class = \"saral-post-grid-content-wrapper\">\n\t\t\t\t\t\t\t\t\t\t<h5 class=\"saral_post-heading\">Travaux publics<\/h5>\n\t\t\t\t\t\t\t\t\t\t\t\t\t\t\t\t\t\t\t\t<p class=\"blog-content\"><\/p>\t\t\t\t\t\t\t\t\t<\/div>\n\t\t\t\t\t\t\t\t<\/div>\n\t\t\t\t\t\t\t<\/div>\n\t\t\t\t\t\t\t\t\t\t\t\t\t<div class=\"saral-margin-btm-3 grid-box col-xs-12 col-sm-4 col-md-4 col-lg-4\">\n\t\t\t\t\t\t\t\t<div class=\"saral-border-sqr saral-no-border saral-post-grid\">\n\t\t\t\t\t\t\t\t\t<div class=\"saral-img-wrapper\">\n\t\t\t\t\t\t\t\t\t\t<div class=\"grid-gallery-element-slider post-gallery clearfix\" data-speed=\"2000\" data-slide-count=\"1\"  data-dots=\"true\">\t\t\t<div class=\"saral-post-thumbnail\"><img loading=\"lazy\" decoding=\"async\" width=\"600\" height=\"322\" src=\"http:\/\/lamarnaise-moretti.fr\/wp-content\/uploads\/2018\/04\/image22-600x322.jpg\" class=\"attachment-saral_medium size-saral_medium wp-post-image\" alt=\"\" \/><\/div>\n\t\t<\/div>\t\t\t\t\t\t\t\t\t<\/div>\n\t\t\t\t\t\t\t\t\t<div class = \"saral-post-grid-content-wrapper\">\n\t\t\t\t\t\t\t\t\t\t<h5 class=\"saral_post-heading\">Usine de pr\u00e9-fabrication<\/h5>\n\t\t\t\t\t\t\t\t\t\t\t\t\t\t\t\t\t\t\t\t<p class=\"blog-content\"><\/p>\t\t\t\t\t\t\t\t\t<\/div>\n\t\t\t\t\t\t\t\t<\/div>\n\t\t\t\t\t\t\t<\/div>\n\t\t\t\t\t\t\t\t\t\t\t\t\t<div class=\"saral-margin-btm-3 grid-box col-xs-12 col-sm-4 col-md-4 col-lg-4\">\n\t\t\t\t\t\t\t\t<div class=\"saral-border-sqr saral-no-border saral-post-grid\">\n\t\t\t\t\t\t\t\t\t<div class=\"saral-img-wrapper\">\n\t\t\t\t\t\t\t\t\t\t<div class=\"grid-gallery-element-slider post-gallery clearfix\" data-speed=\"2000\" data-slide-count=\"1\"  data-dots=\"true\">\t\t\t<div class=\"saral-post-thumbnail\"><img loading=\"lazy\" decoding=\"async\" width=\"600\" height=\"322\" src=\"http:\/\/lamarnaise-moretti.fr\/wp-content\/uploads\/2018\/05\/PRESENTATION-DE-NOS-CENTRALES-PAGE-1-4-600x322.jpg\" class=\"attachment-saral_medium size-saral_medium wp-post-image\" alt=\"\" \/><\/div>\n\t\t<\/div>\t\t\t\t\t\t\t\t\t<\/div>\n\t\t\t\t\t\t\t\t\t<div class = \"saral-post-grid-content-wrapper\">\n\t\t\t\t\t\t\t\t\t\t<h5 class=\"saral_post-heading\">B\u00e9ton pr\u00eat \u00e0 l&#8217;emploi<\/h5>\n\t\t\t\t\t\t\t\t\t\t\t\t\t\t\t\t\t\t\t\t<p class=\"blog-content\"><\/p>\t\t\t\t\t\t\t\t\t<\/div>\n\t\t\t\t\t\t\t\t<\/div>\n\t\t\t\t\t\t\t<\/div>\n\t\t\t\t\t\t\t\t\t\t\t\t\t<div class=\"saral-margin-btm-3 grid-box col-xs-12 col-sm-4 col-md-4 col-lg-4\">\n\t\t\t\t\t\t\t\t<div class=\"saral-border-sqr saral-no-border saral-post-grid\">\n\t\t\t\t\t\t\t\t\t<div class=\"saral-img-wrapper\">\n\t\t\t\t\t\t\t\t\t\t<div class=\"grid-gallery-element-slider post-gallery clearfix\" data-speed=\"2000\" data-slide-count=\"1\"  data-dots=\"true\">\t\t\t<div class=\"saral-post-thumbnail\"><img loading=\"lazy\" decoding=\"async\" width=\"600\" height=\"322\" src=\"http:\/\/lamarnaise-moretti.fr\/wp-content\/uploads\/2018\/05\/photo-carriere-024-600x322.jpg\" class=\"attachment-saral_medium size-saral_medium wp-post-image\" alt=\"\" \/><\/div>\n\t\t<\/div>\t\t\t\t\t\t\t\t\t<\/div>\n\t\t\t\t\t\t\t\t\t<div class = \"saral-post-grid-content-wrapper\">\n\t\t\t\t\t\t\t\t\t\t<h5 class=\"saral_post-heading\">Extraction de carri\u00e8re<\/h5>\n\t\t\t\t\t\t\t\t\t\t\t\t\t\t\t\t\t\t\t\t<p class=\"blog-content\"><\/p>\t\t\t\t\t\t\t\t\t<\/div>\n\t\t\t\t\t\t\t\t<\/div>\n\t\t\t\t\t\t\t<\/div>\n\t\t\t\t\t\t\t\t\t\t\t<\/div>\n\t\t\t\t<\/div>\n\t\t\t\t\t<\/div> \n\t\t[\/vc_column][\/vc_row][vc_row full_width=\u00a0\u00bbstretch_row\u00a0\u00bb css=\u00a0\u00bb.vc_custom_1487936619252{padding-top: 35px !important;padding-bottom: 35px !important;}\u00a0\u00bb][vc_column]\t\t<div class=\"\">\n\t\t\t<div class=\"saral-latest-work-wrapper\">\n\t\t\t\t\t\t\t\t\t\n\t\t\t\t\t\t\t\t\t\t\t<div class=\"saral-title-wrapper\">\n\t\t\t\t\t\t\t<h2 class=\"saral-section-title\">\n\t\t\t\t\t\t\t\tNos r\u00e9alisations\t\t\t\t\t\t\t<\/h2>\n\t\t\t\t\t\t<\/div>\n\t\t\t\t\t\t\t\t\t\t\t\t\t\t\t\t<div class=\"saral-latest-work-content saral-margin-btm-2\">\n\t\t\t\t\t\t\t<p class=\"saral-short-description\">Vous trouverez ci-dessous les diff\u00e9rentes r\u00e9alisations effectu\u00e9es au cours de ces nombreuses ann\u00e9es d&#039;exp\u00e9rience<\/p>\n\t\t\t\t\t\t<\/div>\n\t\t\t\t\t\t\t\t\t\t\t\t\t\t\t\t\t<div class=\"saral-portfolio-fulllist-wrapper\">\n\t\t\t\t\t\t\t<div class=\"saral-latest-work-wrapper\">\n\t\t\t\t\t\t\t\t<div class=\"saral-col-row saral-work-grid-item-wrapper masonary-wrapper\">\n\t\t\t\t\t\t\t\t\t\t\t\t\t\t\t\t\t<div class=\"saral-center-align  col-xs-12 col-sm-6 saral-work-grid-item saral-margin-btm-2 col-md-4 col-lg-4 interiors all masonary-item\">\n\t\t\t\t\t\t\t\t\t\t<div class=\"saral-recent-work-img saral-overlay-wrap\">\n\t\t\t\t\t\t\t\t\t\t\t<div class=\"grid-gallery-element-slider post-gallery clearfix\" data-speed=\"2000\" data-slide-count=\"1\"  data-dots=\"true\">\t\t\t<div class=\"saral-post-thumbnail\"><a href='http:\/\/lamarnaise-moretti.fr\/?portfolio=pre-fabrication'><img loading=\"lazy\" decoding=\"async\" width=\"704\" height=\"528\" src=\"http:\/\/lamarnaise-moretti.fr\/wp-content\/uploads\/2018\/04\/image8.jpg\" class=\"attachment-saral_standard size-saral_standard wp-post-image\" alt=\"\" srcset=\"http:\/\/lamarnaise-moretti.fr\/wp-content\/uploads\/2018\/04\/image8.jpg 704w, http:\/\/lamarnaise-moretti.fr\/wp-content\/uploads\/2018\/04\/image8-300x225.jpg 300w\" sizes=\"auto, (max-width: 704px) 100vw, 704px\" \/><\/a><\/div>\n\t\t<\/div>\t\t\t\t\t\t\t\t\t\t\t<div class=\"saral-list-header vc_gitem_row\">\n\t\t\t\t\t\t\t\t\t\t\t\t<div class=\"vc_gitem-col\">\n\t\t\t\t\t\t\t\t\t\t\t\t\t<h6><a href=\"http:\/\/lamarnaise-moretti.fr\/?portfolio=pre-fabrication\">Pr\u00e9-fabrication<\/a><\/h6>\n\t\t\t\t\t\t\t\t\t\t\t\t<\/div>\n\t\t\t\t\t\t\t\t\t\t\t<\/div>\n\t\t\t\t\t\t\t\t\t\t<\/div>\n\t\t\t\t\t\t\t\t\t<\/div>\n\t\t\t\t\t\t\t\t\t\t\t\t\t\t\t\t\t<div class=\"saral-center-align  col-xs-12 col-sm-6 saral-work-grid-item saral-margin-btm-2 col-md-4 col-lg-4 architecture all masonary-item\">\n\t\t\t\t\t\t\t\t\t\t<div class=\"saral-recent-work-img saral-overlay-wrap\">\n\t\t\t\t\t\t\t\t\t\t\t<div class=\"grid-gallery-element-slider post-gallery clearfix\" data-speed=\"2000\" data-slide-count=\"1\"  data-dots=\"true\">\t\t\t<div class=\"saral-post-thumbnail\"><a href='http:\/\/lamarnaise-moretti.fr\/?portfolio=moncetz'><img loading=\"lazy\" decoding=\"async\" width=\"940\" height=\"640\" src=\"http:\/\/lamarnaise-moretti.fr\/wp-content\/uploads\/2018\/05\/MONCETZ-2-min-940x640.jpg\" class=\"attachment-saral_standard size-saral_standard wp-post-image\" alt=\"\" \/><\/a><\/div>\n\t\t<\/div>\t\t\t\t\t\t\t\t\t\t\t<div class=\"saral-list-header vc_gitem_row\">\n\t\t\t\t\t\t\t\t\t\t\t\t<div class=\"vc_gitem-col\">\n\t\t\t\t\t\t\t\t\t\t\t\t\t<h6><a href=\"http:\/\/lamarnaise-moretti.fr\/?portfolio=moncetz\">Moncetz<\/a><\/h6>\n\t\t\t\t\t\t\t\t\t\t\t\t<\/div>\n\t\t\t\t\t\t\t\t\t\t\t<\/div>\n\t\t\t\t\t\t\t\t\t\t<\/div>\n\t\t\t\t\t\t\t\t\t<\/div>\n\t\t\t\t\t\t\t\t\t\t\t\t\t\t\t\t\t<div class=\"saral-center-align  col-xs-12 col-sm-6 saral-work-grid-item saral-margin-btm-2 col-md-4 col-lg-4 architecture all masonary-item\">\n\t\t\t\t\t\t\t\t\t\t<div class=\"saral-recent-work-img saral-overlay-wrap\">\n\t\t\t\t\t\t\t\t\t\t\t<div class=\"grid-gallery-element-slider post-gallery clearfix\" data-speed=\"2000\" data-slide-count=\"1\"  data-dots=\"true\">\t\t\t<div class=\"saral-post-thumbnail\"><a href='http:\/\/lamarnaise-moretti.fr\/?portfolio=arrigny'><img loading=\"lazy\" decoding=\"async\" width=\"940\" height=\"640\" src=\"http:\/\/lamarnaise-moretti.fr\/wp-content\/uploads\/2018\/05\/ARRIGNY-1-min-940x640.jpg\" class=\"attachment-saral_standard size-saral_standard wp-post-image\" alt=\"\" \/><\/a><\/div>\n\t\t<\/div>\t\t\t\t\t\t\t\t\t\t\t<div class=\"saral-list-header vc_gitem_row\">\n\t\t\t\t\t\t\t\t\t\t\t\t<div class=\"vc_gitem-col\">\n\t\t\t\t\t\t\t\t\t\t\t\t\t<h6><a href=\"http:\/\/lamarnaise-moretti.fr\/?portfolio=arrigny\">Arrigny<\/a><\/h6>\n\t\t\t\t\t\t\t\t\t\t\t\t<\/div>\n\t\t\t\t\t\t\t\t\t\t\t<\/div>\n\t\t\t\t\t\t\t\t\t\t<\/div>\n\t\t\t\t\t\t\t\t\t<\/div>\n\t\t\t\t\t\t\t\t\t\t\t\t\t\t\t\t\t<div class=\"saral-center-align  col-xs-12 col-sm-6 saral-work-grid-item saral-margin-btm-2 col-md-4 col-lg-4 architecture all masonary-item\">\n\t\t\t\t\t\t\t\t\t\t<div class=\"saral-recent-work-img saral-overlay-wrap\">\n\t\t\t\t\t\t\t\t\t\t\t<div class=\"grid-gallery-element-slider post-gallery clearfix\" data-speed=\"2000\" data-slide-count=\"1\"  data-dots=\"true\">\t\t\t<div class=\"saral-post-thumbnail\"><a href='http:\/\/lamarnaise-moretti.fr\/?portfolio=pole-cancale-de-chalons-en-champagne'><img loading=\"lazy\" decoding=\"async\" width=\"940\" height=\"640\" src=\"http:\/\/lamarnaise-moretti.fr\/wp-content\/uploads\/2018\/05\/CHALONS-POLE-CANCALE-min-940x640.jpg\" class=\"attachment-saral_standard size-saral_standard wp-post-image\" alt=\"\" \/><\/a><\/div>\n\t\t<\/div>\t\t\t\t\t\t\t\t\t\t\t<div class=\"saral-list-header vc_gitem_row\">\n\t\t\t\t\t\t\t\t\t\t\t\t<div class=\"vc_gitem-col\">\n\t\t\t\t\t\t\t\t\t\t\t\t\t<h6><a href=\"http:\/\/lamarnaise-moretti.fr\/?portfolio=pole-cancale-de-chalons-en-champagne\">P\u00f4le Cancale de Chalons en Champagne<\/a><\/h6>\n\t\t\t\t\t\t\t\t\t\t\t\t<\/div>\n\t\t\t\t\t\t\t\t\t\t\t<\/div>\n\t\t\t\t\t\t\t\t\t\t<\/div>\n\t\t\t\t\t\t\t\t\t<\/div>\n\t\t\t\t\t\t\t\t\t\t\t\t\t\t\t\t\t<div class=\"saral-center-align  col-xs-12 col-sm-6 saral-work-grid-item saral-margin-btm-2 col-md-4 col-lg-4 paintings all masonary-item\">\n\t\t\t\t\t\t\t\t\t\t<div class=\"saral-recent-work-img saral-overlay-wrap\">\n\t\t\t\t\t\t\t\t\t\t\t<div class=\"grid-gallery-element-slider post-gallery clearfix\" data-speed=\"2000\" data-slide-count=\"1\"  data-dots=\"true\">\t\t\t<div class=\"saral-post-thumbnail\"><a href='http:\/\/lamarnaise-moretti.fr\/?portfolio=outil-dextraction'><img loading=\"lazy\" decoding=\"async\" width=\"940\" height=\"640\" src=\"http:\/\/lamarnaise-moretti.fr\/wp-content\/uploads\/2018\/05\/SDC10342-940x640.jpg\" class=\"attachment-saral_standard size-saral_standard wp-post-image\" alt=\"\" \/><\/a><\/div>\n\t\t<\/div>\t\t\t\t\t\t\t\t\t\t\t<div class=\"saral-list-header vc_gitem_row\">\n\t\t\t\t\t\t\t\t\t\t\t\t<div class=\"vc_gitem-col\">\n\t\t\t\t\t\t\t\t\t\t\t\t\t<h6><a href=\"http:\/\/lamarnaise-moretti.fr\/?portfolio=outil-dextraction\">Outil d&rsquo;extraction<\/a><\/h6>\n\t\t\t\t\t\t\t\t\t\t\t\t<\/div>\n\t\t\t\t\t\t\t\t\t\t\t<\/div>\n\t\t\t\t\t\t\t\t\t\t<\/div>\n\t\t\t\t\t\t\t\t\t<\/div>\n\t\t\t\t\t\t\t\t\t\t\t\t\t\t\t\t\t<div class=\"saral-center-align  col-xs-12 col-sm-6 saral-work-grid-item saral-margin-btm-2 col-md-4 col-lg-4 paintings all masonary-item\">\n\t\t\t\t\t\t\t\t\t\t<div class=\"saral-recent-work-img saral-overlay-wrap\">\n\t\t\t\t\t\t\t\t\t\t\t<div class=\"grid-gallery-element-slider post-gallery clearfix\" data-speed=\"2000\" data-slide-count=\"1\"  data-dots=\"true\">\t\t\t<div class=\"saral-post-thumbnail\"><a href='http:\/\/lamarnaise-moretti.fr\/?portfolio=carriere'><img loading=\"lazy\" decoding=\"async\" width=\"940\" height=\"640\" src=\"http:\/\/lamarnaise-moretti.fr\/wp-content\/uploads\/2018\/05\/photo-carriere-024-940x640.jpg\" class=\"attachment-saral_standard size-saral_standard wp-post-image\" alt=\"\" \/><\/a><\/div>\n\t\t<\/div>\t\t\t\t\t\t\t\t\t\t\t<div class=\"saral-list-header vc_gitem_row\">\n\t\t\t\t\t\t\t\t\t\t\t\t<div class=\"vc_gitem-col\">\n\t\t\t\t\t\t\t\t\t\t\t\t\t<h6><a href=\"http:\/\/lamarnaise-moretti.fr\/?portfolio=carriere\">Carri\u00e8re<\/a><\/h6>\n\t\t\t\t\t\t\t\t\t\t\t\t<\/div>\n\t\t\t\t\t\t\t\t\t\t\t<\/div>\n\t\t\t\t\t\t\t\t\t\t<\/div>\n\t\t\t\t\t\t\t\t\t<\/div>\n\t\t\t\t\t\t\t\t<\/div>\t\t\t\t\t\t<\/div>\n\t\t\t\t\t<\/div>\n\t\t\t\t \n\t\t\t<\/div>\n\t\t<\/div>\n\t\t[\/vc_column][\/vc_row][vc_row][vc_column][vc_column_text][\/vc_column_text][\/vc_column][\/vc_row]<\/p>\n","protected":false},"excerpt":{"rendered":"<p>[vc_row full_width=\u00a0\u00bbstretch_row\u00a0\u00bb css=\u00a0\u00bb.vc_custom_1490342334781{margin-top: -70px !important;padding-bottom: 20px !important;}\u00a0\u00bb el_class=\u00a0\u00bbsaral-sc-responsive\u00a0\u00bb][vc_column width=\u00a0\u00bb1\/3&Prime;][\/vc_column][vc_column width=\u00a0\u00bb1\/3&Prime;][\/vc_column][vc_column width=\u00a0\u00bb1\/3&Prime;][\/vc_column][\/vc_row][vc_row full_width=\u00a0\u00bbstretch_row\u00a0\u00bb css=\u00a0\u00bb.vc_custom_1487741078534{margin-bottom: 0px !important;padding-top: 45px !important;padding-bottom: 45px !important;}\u00a0\u00bb][vc_column][vc_cta h2=\u00a0\u00bbD\u00e9couvrez nos entreprises\u00a0\u00bb txt_align=\u00a0\u00bbcenter\u00a0\u00bb add_button=\u00a0\u00bbbottom\u00a0\u00bb btn_title=\u00a0\u00bbD\u00e9couvrez nos entreprises\u00a0\u00bb btn_style=\u00a0\u00bbclassic\u00a0\u00bb btn_color=\u00a0\u00bbprimary\u00a0\u00bb btn_align=\u00a0\u00bbcenter\u00a0\u00bb btn_link=\u00a0\u00bburl:http%3A%2F%2Flamarnaise-moretti.fr%2F%3Fpage_id%3D1832|||\u00a0\u00bb]Notre groupe familial dirig\u00e9 \u00e0 ce jour par la 3\u00e8me g\u00e9n\u00e9ration est compos\u00e9 majoritairement de 3 soci\u00e9t\u00e9s intervenant dans le domaine de la construction[\/vc_cta][\/vc_column][\/vc_row][vc_row full_width=\u00a0\u00bbstretch_row\u00a0\u00bb [&hellip;]<\/p>\n","protected":false},"author":1,"featured_media":0,"parent":0,"menu_order":0,"comment_status":"closed","ping_status":"closed","template":"","meta":{"footnotes":""},"class_list":["post-214","page","type-page","status-publish","hentry","odd"],"_links":{"self":[{"href":"http:\/\/lamarnaise-moretti.fr\/index.php?rest_route=\/wp\/v2\/pages\/214","targetHints":{"allow":["GET"]}}],"collection":[{"href":"http:\/\/lamarnaise-moretti.fr\/index.php?rest_route=\/wp\/v2\/pages"}],"about":[{"href":"http:\/\/lamarnaise-moretti.fr\/index.php?rest_route=\/wp\/v2\/types\/page"}],"author":[{"embeddable":true,"href":"http:\/\/lamarnaise-moretti.fr\/index.php?rest_route=\/wp\/v2\/users\/1"}],"replies":[{"embeddable":true,"href":"http:\/\/lamarnaise-moretti.fr\/index.php?rest_route=%2Fwp%2Fv2%2Fcomments&post=214"}],"version-history":[{"count":53,"href":"http:\/\/lamarnaise-moretti.fr\/index.php?rest_route=\/wp\/v2\/pages\/214\/revisions"}],"predecessor-version":[{"id":2060,"href":"http:\/\/lamarnaise-moretti.fr\/index.php?rest_route=\/wp\/v2\/pages\/214\/revisions\/2060"}],"wp:attachment":[{"href":"http:\/\/lamarnaise-moretti.fr\/index.php?rest_route=%2Fwp%2Fv2%2Fmedia&parent=214"}],"curies":[{"name":"wp","href":"https:\/\/api.w.org\/{rel}","templated":true}]}}